{"id":462,"date":"2026-04-06T13:06:32","date_gmt":"2026-04-06T18:06:32","guid":{"rendered":"https:\/\/radiocarchifm.com\/?page_id=462"},"modified":"2026-04-06T13:06:32","modified_gmt":"2026-04-06T18:06:32","slug":"codigo-de-etica","status":"publish","type":"page","link":"https:\/\/radiocarchifm.com\/?page_id=462","title":{"rendered":"C\u00f3digo de \u00c9tica"},"content":{"rendered":"<h2 style=\"text-align: center;\">C\u00d3DIGO DE \u00c9TICA RADIO CARCHI FM 89.3<\/h2>\n<h3>INTRODUCCI\u00d3N<\/h3>\n<p>El presente C\u00f3digo de \u00c9tica de Radio Carchi FM 89.3 ha sido elaborado de acuerdo a la legislaci\u00f3n presente y su objetivo comunicacional, que regula el trabajo individual y colectivo de los trabajadores de esta emisora. Somos un medio de comunicaci\u00f3n radial de acuerdo al Art\u00edculo 84 de la Ley Reformatoria de Comunicaci\u00f3n: \u201cLos medios de comunicaci\u00f3n privados son personas naturales o jur\u00eddicas de derecho privado con finalidad de lucro, cuyo objeto es la prestaci\u00f3n de servicios comerciales de divulgaci\u00f3n o intercambio de contenidos, de su propia creaci\u00f3n o provistas por terceros, a trav\u00e9s de diversas plataformas tecnol\u00f3gicas de comunicaci\u00f3n\u201d.<\/p>\n<h3>OBJETIVO<\/h3>\n<p>El presente C\u00f3digo de \u00c9tica busca autorregular la conducta y el trabajo de todos quienes laboran en este medio de comunicaci\u00f3n radial para garantizar un servicio comunicacional que responda a nuestros objetivos.<\/p>\n<h3>CONSIDERACIONES GENERALES<\/h3>\n<p>Este C\u00f3digo recoge principios universalmente reconocidos para el ejercicio \u00e9tico del periodismo y garantizar\u00e1 el derecho a la informaci\u00f3n y a la comunicaci\u00f3n, que est\u00e1 reconocido en la Declaraci\u00f3n Universal de los Derechos Humanos (Art. 19), en la Convenci\u00f3n Americana de Derechos Humanos (Art. 13), en la Constituci\u00f3n de la Rep\u00fablica del Ecuador (Arts. 16, 17, 18, 19 y 20) y en la Ley Org\u00e1nica a la Ley Org\u00e1nica de Comunicaci\u00f3n del Ecuador.<\/p>\n<h3>COMPROMISOS PERSONALES<\/h3>\n<ol>\n<li>Utilizar debidamente los documentos y otros materiales; antes de ser usados, deber\u00e1n cerciorarse que sean aut\u00e9nticos.<\/li>\n<li>Guardar el secreto<\/li>\n<li>Respetar la autor\u00eda del material period\u00edstico difundido, en estos casos citar las fuentes y otorgar los cr\u00e9ditos<\/li>\n<li>Cumplir con las obligaciones de la profesi\u00f3n period\u00edstica o de comunicaci\u00f3n social.<\/li>\n<li>Respetar la dignidad, el honor, la intimidad y la vida privada de todas las personas<\/li>\n<li>Hay que merecer el aprecio y el reconocimiento de la sociedad a la cual se sirve, sin buscar beneficios personales.<\/li>\n<li>Cuidar el porte personal y el de los dem\u00e1s. Cuidar de no usar palabras obscenas y\/o groseras que denigren la dignidad de las personas<\/li>\n<li>Fomentar el compa\u00f1erismo y el trabajo en equipo dentro y fuera del medio de comunicaci\u00f3n radial.<\/li>\n<li>No utilizar informaci\u00f3n reservada para detrimento de las personas<\/li>\n<li>Abstenerse de realizar o difundir contenidos y comentarios discriminatorios<\/li>\n<li>Abstenerse de emitir menciones identificativas de ni\u00f1os, ni\u00f1as y adolescentes como autores, testigos o v\u00edctimas de actos il\u00edcitos; salvo el caso que, en aplicaci\u00f3n del inter\u00e9s superior del ni\u00f1o, sea dispuesto por autoridad competente;<\/li>\n<li>Proteger el derecho a la privacidad de adolescentes en conflicto con la ley penal, en concordancia con las disposiciones del C\u00f3digo de la Ni\u00f1ez y Adolescencia;<\/li>\n<li>Abstenerse de emitir contenidos que atenten contra la dignidad de los adultos<\/li>\n<li>Verificar, contextualizar y contrastar la difusi\u00f3n de informaci\u00f3n de relevancia p\u00fablica o inter\u00e9s<\/li>\n<li>Abstenerse de obtener informaci\u00f3n a trav\u00e9s de m\u00e9todos il\u00edcitos.<\/li>\n<li>Evitar un tratamiento morboso a la informaci\u00f3n sobre cr\u00edmenes, accidentes, cat\u00e1strofes u otros eventos<\/li>\n<li>Impedir la censura en cualquiera de sus formas, independientemente de quien pretenda realizarla.<\/li>\n<li>No aceptar presiones externas en el cumplimiento de la labor period\u00edstica.<\/li>\n<li>Ejercer y respetar los derechos a la reserva de fuente y el secreto profesional.<\/li>\n<li>Abstenerse de usar la condici\u00f3n de periodista o comunicador social para obtener beneficios<\/li>\n<li>Respetar la libertad de expresi\u00f3n, de pensamiento, de comentario y de cr\u00edtica.<\/li>\n<li>Se rectificar\u00e1 o se dar\u00e1 paso a la r\u00e9plica a la brevedad posible las informaciones que se hayan demostrado como err\u00f3neas.<\/li>\n<li>Respetar el derecho a la presunci\u00f3n de inocencia<\/li>\n<li>Cuidar que los titulares sean coherentes y consistentes con el contenido de las noticias<\/li>\n<li>Distinguir claramente entre noticias y comentarios<\/li>\n<li>Distinguir claramente entre el material informativo, el material editorial y el material comercial o publicitario;<\/li>\n<li>Asumir la responsabilidad de la informaci\u00f3n que se difunde; y,<\/li>\n<li>Abstenerse de realizar pr\u00e1cticas de linchamiento medi\u00e1tico, entendiendo por tales, la difusi\u00f3n de informaci\u00f3n concertada y reiterativa, de manera directa o por terceros, a trav\u00e9s de los medios de comunicaci\u00f3n destinada a desprestigiar a una persona natural o jur\u00eddica o reducir su credibilidad p\u00fablica.<\/li>\n<\/ol>\n<h3>COMPROMISOS COLECTIVOS<\/h3>\n<h5><strong>1.- Del contenido comunicacional<\/strong><\/h5>\n<p>1.1.- Los contenidos de los programas responden a la propuesta comunicacional cultural, educativa, formativa, informativa, musical y de entretenimiento propios de nuestra emisora.<\/p>\n<p>1.2.- Nuestra programaci\u00f3n busca la participaci\u00f3n interactiva de la poblaci\u00f3n en los programas o actividades propias de la comunicaci\u00f3n radiof\u00f3nica.<\/p>\n<h5>2.- De la Producci\u00f3n Radiof\u00f3nica y de noticias<\/h5>\n<p>2.1.- Radio Carchi FM 89.3 produce y difunde programas culturales, formativos, informativos, de entretenimiento y musicales orientados a promover el desarrollo de los pueblos dentro de nuestro \u00e1mbito de cobertura.<\/p>\n<p>2.2.- Nuestra programaci\u00f3n es de car\u00e1cter pluricultural, inclusiva y busca la equidad de g\u00e9nero.<\/p>\n<p>2.3.- Nuestra programaci\u00f3n buscar\u00e1 siempre calidad para llegar a nuestra audiencia.<\/p>\n<p>2.4.- La informaci\u00f3n que emitimos se basa en la veracidad como resultado del acceso a fuentes confiables.<\/p>\n<p>2.5.- Los periodistas y comunicadores deben proteger la identidad de sus fuentes.<\/p>\n<p>2.6.- Las entrevistas y material sonoro que se incluya en temas, reportajes e informes no deber\u00e1n distorsionar el sentido de la informaci\u00f3n.<\/p>\n<p>2.7.- La emisora fomentar\u00e1 espacios de opini\u00f3n sobre las agendas culturales en el \u00e1mbito local, regional y nacional de forma que el debate, los planes y programas del \u00e1rea cultural se enriquezcan con los aportes de diversos actores sociales.<\/p>\n<p>2.8.- Garantizar la informaci\u00f3n con libertad e independencia de posiciones pol\u00edticas y opciones institucionales.<\/p>\n<h5>3.- De los programas musicales<\/h5>\n<p><strong>\u00a0<\/strong>3.1.- A trav\u00e9s de la interactuaci\u00f3n, los programas musicales buscar\u00e1n que nuestros oyentes expresen sus gustos musicales, con una propuesta musical propia de nuestra cultura, o con rasgos de identidad local y regional.<\/p>\n<p>3.2.- En los programas musicales, la m\u00fasica producida, compuesta o ejecutada en Ecuador deber\u00e1 representar al menos el 50% de los contenidos musicales emitidos en todos sus horarios.<\/p>\n<h5>4.- De la publicidad<\/h5>\n<p><strong>\u00a0<\/strong>4.1.- Los anuncios publicitarios ser\u00e1n coherentes con el car\u00e1cter cultural, informativo y musical. Se evitar\u00e1 la discriminaci\u00f3n por razones de g\u00e9nero, etnia, orientaci\u00f3n sexual, credo religioso y otras.<\/p>\n<h3>VALORES Y PRINCIPIOS<\/h3>\n<ol>\n<li>Confianza y credibilidad demostradas cada d\u00eda.<\/li>\n<li>Empat\u00eda.<\/li>\n<li>Agradecimiento, reconocimiento y motivaci\u00f3n.<\/li>\n<li>Actitud de escucha y respeto.<\/li>\n<li>Involucra y promueve la participaci\u00f3n.<\/li>\n<li>Inter\u00e9s por el bien de las personas. Filantrop\u00eda<\/li>\n<li>Actitud positiva. Optimismo.<\/li>\n<li>Pluralismo<\/li>\n<\/ol>\n<p><strong>\u00a0<\/strong><\/p>\n","protected":false},"excerpt":{"rendered":"<p>C\u00d3DIGO DE \u00c9TICA RADIO CARCHI FM 89.3 INTRODUCCI\u00d3N El presente C\u00f3digo de \u00c9tica de Radio Carchi FM 89.3 ha sido elaborado de acuerdo a la legislaci\u00f3n presente y su objetivo comunicacional, que regula el trabajo individual y colectivo de los &#8230; <a class=\"more-link\" href=\"https:\/\/radiocarchifm.com\/?page_id=462\">Read More &raquo;<\/a><\/p>\n","protected":false},"author":1,"featured_media":0,"parent":21,"menu_order":0,"comment_status":"closed","ping_status":"closed","template":"","meta":{"footnotes":""},"class_list":["post-462","page","type-page","status-publish","hentry"],"_links":{"self":[{"href":"https:\/\/radiocarchifm.com\/index.php?rest_route=\/wp\/v2\/pages\/462","targetHints":{"allow":["GET"]}}],"collection":[{"href":"https:\/\/radiocarchifm.com\/index.php?rest_route=\/wp\/v2\/pages"}],"about":[{"href":"https:\/\/radiocarchifm.com\/index.php?rest_route=\/wp\/v2\/types\/page"}],"author":[{"embeddable":true,"href":"https:\/\/radiocarchifm.com\/index.php?rest_route=\/wp\/v2\/users\/1"}],"replies":[{"embeddable":true,"href":"https:\/\/radiocarchifm.com\/index.php?rest_route=%2Fwp%2Fv2%2Fcomments&post=462"}],"version-history":[{"count":1,"href":"https:\/\/radiocarchifm.com\/index.php?rest_route=\/wp\/v2\/pages\/462\/revisions"}],"predecessor-version":[{"id":467,"href":"https:\/\/radiocarchifm.com\/index.php?rest_route=\/wp\/v2\/pages\/462\/revisions\/467"}],"up":[{"embeddable":true,"href":"https:\/\/radiocarchifm.com\/index.php?rest_route=\/wp\/v2\/pages\/21"}],"wp:attachment":[{"href":"https:\/\/radiocarchifm.com\/index.php?rest_route=%2Fwp%2Fv2%2Fmedia&parent=462"}],"curies":[{"name":"wp","href":"https:\/\/api.w.org\/{rel}","templated":true}]}}